67. What are the prime factors of m?
2, 3
Suppose 335 = 2*z + 51. Let h = -139 + z. List the prime factors of (294 - 0) + (h - 1) + -1.
5, 59
Suppose 0 = -2*m - 4, -88361 = -4672*s + 4669*s - 5*m. What are the prime factors of s?
3, 1091
List the prime factors of (6/(-4))/(25 - 5924418/236976).
2, 4937
Let j be 24/16*(1 - -1). Let k = 483 + -472. Suppose -j*t + k = -4. List the prime factors of t.
5
Let s(b) = -4344*b - 517. List the prime factors of s(-3).
5, 2503
Suppose -27*b = -23*b - 14*b + 158270. What are the prime factors of b?
7, 17, 19
Let i = 28065 + -17922. What are the prime factors of i?
3, 7, 23
Let d = -2476 - -2601. List the prime factors of d.
5
Suppose -28*z - 4*z + 28032 = 0. Suppose -2*g - 5*u + 10*u = -z, u = 4*g - 1770. What are the prime factors of g?
443
Let z = 108 + -70. Let m = z + -36. List the prime factors of m/8 + (4 - (-3738)/24).
2, 5
Let l = -13970 + 14533. List the prime factors of l.
563
Suppose -5*k = -17*d + 16*d - 302061, 5*k + 3*d = 302097. What are the prime factors of k?
2, 3, 10069
Let j be 3/((-15)/15100)*3/(-6). Suppose 4*s = 3*o - 618 - 253, -5*o + j = 5*s. List the prime factors of o.
3, 11
List the prime factors of (5992 - 6) + -3 + -4.
3, 1993
Let z = 353 - 350. List the prime factors of (z/(-2))/(4 + (-15140)/3784).
3, 11, 43
Let m = 3873 - -439. List the prime factors of m.
2, 7, 11
Let q be (1 + 1)/((-38)/20 + 2). Let o be q/16 + (-92)/(-16). Suppose 4*b = o*b - 144. What are the prime factors of b?
2, 3
List the prime factors of 509376/30 - ((-132)/55)/3.
2, 3, 5, 283
Let s(f) = -44*f - 118. Let t be s(-15). Let h = t + -68. List the prime factors of h.
2, 3, 79
List the prime factors of 37750 - 80/(-16) - -3.
2, 3, 7, 29, 31
Let q be 4*-1*(-1199)/(-22). Let z = q + 298. List the prime factors of z.
2, 5
Let y be 10950/(-26) - 4/(-26). Let z = 818 + y. What are the prime factors of z?
397
Let x(l) = 19*l + 5397. List the prime factors of x(121).
2, 13, 37
Let o = 55 - 55. Let w be 5 + 0 - (-1 + o + 2). Suppose 71 = w*f - 409. What are the prime factors of f?
2, 3, 5
Suppose -6*z + 4 = 2*n - 2*z, 0 = n - 5*z - 16. Suppose -4*i = 4*m - 1304, -n*m = -2*i - 11*m + 664. What are the prime factors of i?
2, 7, 23
Let b be (12 + -11)/((-1)/3). What are the prime factors of (b/4)/((-42)/364)*22?
11, 13
Suppose -23*s + 18*s = z - 14364, -5*z + 20 = 0. List the prime factors of s.
2, 359
Let o = 28154 + -17937. List the prime factors of o.
17, 601
Let n = 95 + -93. Suppose -z + 500 = -4*d + n*z, -500 = 4*d - 5*z. Let q = -101 - d. List the prime factors of q.
2, 3
Let g be 0*(-2 - 5/(-2)). Suppose g = w + z - 888 + 248, 2*z = -4. What are the prime factors of w?
2, 3, 107
What are the prime factors of (((-1547)/14)/(-13) - 7)/((-2)/(-6476))?
3, 1619
Let s(m) = -6*m + 14. Let y(g) = -g**3 - 21*g**2 - 20*g - 22. Suppose -59 = -4*d - 139. Let b be y(d). What are the prime factors of s(b)?
2, 73
Suppose -2*b - 9*o = -13*o + 2, 3*b + 2*o = 29. Suppose 5*z = 3*z + 4*f + 932, 0 = -3*z - 3*f + 1443. Suppose 2380 = b*j + z. List the prime factors of j.
2, 17
Let b(m) = -12*m - 8*m - 13*m + 167 + 87*m. List the prime factors of b(4).
383
Let x(c) = -2*c - 5. Let n be x(-5). Suppose 0 = n*j - 183 - 227. Suppose -r = -0*r - j. List the prime factors of r.
2, 41
Let n(m) = -4*m**3 + 3*m**3 + 22 - 14*m**2 - 27*m + 0*m**3. Let b be ((-4)/6)/(16/288). List the prime factors of n(b).
2, 29
Suppose -8 = 4*f - 3*p - 11, f = p + 1. Suppose f = 49*j - 56*j + 6517. What are the prime factors of j?
7, 19
Let q(d) be the first derivative of -d**2/2 + 23*d - 8. Let i be q(-9). List the prime factors of i/(-80) + 322/5.
2
List the prime factors of 56567*(-26)/819*(-18)/4.
8081
Let j = 2515 + -853. Suppose 472 = 2*w + a - j, 3203 = 3*w + 2*a. List the prime factors of w.
3, 5, 71
Suppose -3*u - 4*n + 285 = -62194, -41662 = -2*u + 2*n. What are the prime factors of u?
3, 53, 131
Suppose 690598 = -3436*l + 1720*l + 1739*l. What are the prime factors of l?
2, 15013
Let g(p) = -p**2 - 17*p + 15. Suppose -4*v = -3*z - 3*v + 88, -3*z + 2*v + 83 = 0. Let x = 19 - z. List the prime factors of g(x).
3, 5
Let w(r) = -12*r + 2 + r**3 + r**2 + 7*r**2 + 2*r - 9. Let h be w(-9). Suppose 5*u - 178 = -2*q, h*u + 0*u - 8 = 0. List the prime factors of q.
79
Let w be (1/(-4) - 0) + (-213)/(-4). Let a = 135 + -180. Let j = w - a. What are the prime factors of j?
2, 7
Let c(f) = -5*f + 31. Let k be c(7). Let r be 3 - 0*k/8. Suppose -r*g = 5*g - 792. List the prime factors of g.
3, 11
Suppose -2*n + 36030 = -20*y + 15*y, 7*y + 28 = 0. What are the prime factors of n?
5, 13, 277
Let d = 25 + -17. Let r be 12/(-16) + (-50)/d*1. List the prime factors of (6*5)/((105/(-50))/r).
2, 5
Let r = 580 - 580. Suppose -m + 300 + 8 = r. List the prime factors of m.
2, 7, 11
Let v = 1598 - 937. Let a = v + -397. What are the prime factors of a?
2, 3, 11
Suppose 46*f - 975372 + 9040 = -176972. List the prime factors of f.
2, 3, 5, 11, 13
Suppose 0 = 22*g - 19*g - 804. Suppose -10*x + g = 48. What are the prime factors of x?
2, 11
Let u = -431 - -90. Let y = -204 - u. Let p = y + -55. List the prime factors of p.
2, 41
Suppose -35*q + 8260 = -7*q. Let a = 652 - q. What are the prime factors of a?
3, 7, 17
Let o(f) = 394*f + 188. Let v be o(8). Suppose -7*q + v = -3912. List the prime factors of q.
2, 7, 37
Let m(q) = -2*q**3 - 22*q**2 - 2*q - 15. Let a be m(-11). Let b = 8 + a. Suppose -10*y - 610 = -b*y. What are the prime factors of y?
2, 61
Let d = 54 - 45. Let a(i) = 5 + 10 - d + 5*i. What are the prime factors of a(6)?
2, 3
Let u(a) be the third derivative of a**6/120 - a**5/20 - 3*a**4/8 - 8*a**3/3 + 6*a**2. List the prime factors of u(9).
389
What are the prime factors of (-3)/(-2)*6410 - (-1 - 9)?
5, 7, 11
Let a(k) = -3*k - 2. Let u(f) = -1. Let c(n) = a(n) + 5*u(n). Let x be c(0). Let r(t) = -16*t + 3. List the prime factors of r(x).
5, 23
Let f be (-4)/14*1 - (-26)/91. Suppose -2*o - q + 58 + 365 = f, q = -o + 211. Suppose -w = 5*h - 2*w - o, -5*w = -h + 52. List the prime factors of h.
2, 3, 7
Let f(l) = -7*l**2 + 298*l - 76. What are the prime factors of f(33)?
5, 7, 61
Suppose -5*p + 2849 - 36581 = -2*i, 0 = -3*i - 4*p + 50506. List the prime factors of i.
2, 8423
Let b be 1/(2/(-12)*-2). Suppose -8*t + 670 = -b*t. Suppose g = -3*k + t, -3*k + g = -73 - 51. List the prime factors of k.
43
Let l = 21 - 17. Suppose -2*z + l*p = -264, 4*z + p - 161 = 322. What are the prime factors of z?
2, 61
Suppose 0 = -83*d + 87*d + 1160. What are the prime factors of d/(-6) + 6/(-18)?
2, 3
What are the prime factors of 4/(8/(-220710))*3*2/(-15)?
2, 3, 7, 1051
Let h be ((-166)/(-6))/(10/30). Suppose 1370 = 3*m + 2*k, -2*k + h = 5*m - 2207. List the prime factors of m.
2, 5, 23
Suppose -5*l + 86 = -y, 3 = -2*l + 3*y + 40. Suppose l*u = 16*u. Suppose -4*m - 6*m + 2120 = u. List the prime factors of m.
2, 53
What are the prime factors of (11 - 8)/((-9)/4) - 25928/(-6)?
2, 3, 5
Let b(i) = 46*i + 47. Let r(h) = 23*h + 23. Suppose -l + 4 = -2*n, 2*l + 4*n - 3 = 5. Let j(u) = l*b(u) - 7*r(u). What are the prime factors of j(5)?
2, 71
Suppose -162372 = -58*k - 85190 + 164620. What are the prime factors of k?
11, 379
Let u(q) = -q**3 - 18*q**2 + 19*q - 92. Suppose 40*k = 48*k + 168. List the prime factors of u(k).
2, 13
Suppose -18*m - 23208 = -2*u, -u + 5*m = -11436 - 148. What are the prime factors of u?
3, 3853
Let r = -319 - -416. Suppose -r*q + 95*q + 430 = 0. List the prime factors of q.
5, 43
Let v be 10/4*(1 + -11). Let m = -25 - v. Suppose m = g - 37 - 29. List the prime factors of g.
2, 3, 11
List the prime factors of 114/190*(-6 - -104041).
3, 20807
Let a(i) = i**3 + 8*i**2 - 17*i - 5. Let j be a(-10). Let v = 156 + j. Suppose -k + 27 + v = 0. What are the prime factors of k?
2, 37
Let s(i) = 5*i**3 + 9*i**2 - 17*i - 4. Let y(j) = -16*j**3 - 25*j**2 + 51*j + 11. Let h(u) = -7*s(u) - 2*y(u). What are the prime factors of h(-7)?
3, 31
Suppose 0 = -0*l - l - 4*t + 47, 0 = 2*l - 2*t - 84. Suppose -c + b + 64 = 0, 153 = 3*c - 5*b - l. Suppose -w + 253 = c. List the prime factors of w.
191
Let p(o) = -o + 22. Let i = -74 + 93. Let a be p(i). Suppose a*n - h = 432, 3*h - 55 = -4*n + 508. List the prime factors of n.
11, 13
Let z be 0 - 0 - 3/3*-51. Let f = z + -48. Su